 be (-90)/25*(-5)/2. Suppose h*z - 12*z = -1497. Is z a prime number?
True
Let u(v) = 9 + 1 - 16 + 15 + 18*v**2 - 10*v. Is u(6) composite?
True
Let d(n) = -n**2 - n. Let p(b) = -2*b**2 - 40*b + 53. Let l(u) = 3*d(u) - p(u). Is l(26) composite?
False
Suppose 0 = -3*h + 41911 + 51470. Is h a composite number?
True
Suppose -74 - 1 = -5*y. Is ((-5)/y)/((-1)/477) a composite number?
True
Suppose 5*m - 2*x - 1 = 1, -4*x + 22 = 3*m. Suppose 0 = 3*g - 2*d - 5885, m*g - 3923 = 4*d - 3*d. Is g composite?
True
Suppose 2*a = -h - 4, -h - 12 = 10*a - 6*a. Let i(l) = -1 - 2*l**2 + 4 + 12*l**2. Is i(a) a prime number?
True
Let i = -642 + 973. Is i prime?
True
Suppose -q = o - 1034, 0 = 5*o - 3*q - 5436 + 226. Is o a prime number?
True
Let k(q) = 16*q**2 + 20*q - 5. Is k(-6) a composite number?
True
Let k(c) = 1429*c**3 + 2*c**2 - 2*c + 1. Let w be k(1). Suppose -6*r + w = 4*r. Is r composite?
True
Let t(c) = -920*c - 39. Is t(-8) prime?
True
Let t(s) = 22*s**2 + 2 + 1 + s**2 + 2*s - 6. Let g be t(-8). Suppose -2*c + 121 + g = 0. Is c a composite number?
False
Suppose 5*r + 667 = 6*r. Let x = -270 + r. Is x prime?
True
Let k = 1522 + 1723. Let f = k + -1452. Is f a composite number?
True
Let t = 4624 + 9321. Is t a composite number?
True
Let z(m) = -m**3 + 14*m**2 - 15*m + 2. Let w be z(12). Let y be (-3)/(-5) - w/(-25). Suppose 0 = y*h - 128 - 357. Is h a prime number?
True
Suppose 10 - 16 = h. Is (-5944)/h + (-1)/(-3) prime?
True
Is (94876/16)/(-3 - 39/(-12)) prime?
True
Let y(b) = 95822*b + 47. Is y(1) prime?
True
Let t(l) = 222*l**2 + 6*l + 7. Suppose -4*c - 6*c = 30. Is t(c) a prime number?
True
Suppose -3*c + 3 = -3. Let h be 0 + (-144)/(-10) - 6/15. Suppose n + 4*v = h, -4*v = -5*v + c. Is n a prime number?
False
Let y(s) = -s**3 + 6*s**2 + 8*s - 5. Let x be y(7). Is (7/x)/((-1)/(-206)) prime?
False
Suppose 0 = 5*c - 2*n - 3, -c - 2*n - 9 = -0*c. Is (c + 1)/(-3) - (-7 - 496) a composite number?
False
Let z be 3/(-4)*(-12)/3. Is 1*(-1082)/z*3/(-2) a prime number?
True
Let p(i) = 5*i**2 - 3*i + 3. Let g be p(3). Let h = 226 - g. Is h a composite number?
True
Let t(o) = o**3 + 12*o**2 + 10*o - 8. Let l be t(-11). Suppose 5*b - 112 = -l*b. Is b prime?
False
Let f = 679 + -474. Let i = f - -102. Is i a prime number?
True
Suppose -11 - 1 = -4*w. Suppose -w*u = -6*u + 12. Suppose 0 = -m + u*m - 57. Is m composite?
False
Let v be (-2 - 44/(-16))/(9/24). Suppose 206 = 2*z - d - 240, -446 = -v*z + 2*d. Is z a prime number?
True
Let x = 992 + 323. Let g = -734 + x. Is g a composite number?
True
Let a = 148 - -339. Is a a composite number?
False
Let p = -49001 + 89324. Is p prime?
False
Let u(i) = 3*i + 18. Let c be u(0). Let r(w) = w**3 - 17*w**2 + 12*w - 29. Is r(c) a composite number?
True
Suppose -n = 3*j - 22, -3*n = -4*j - j + 32. Is (-2 + j/3)*1227 a prime number?
True
Suppose 8*t - 4*t = 20. Let o(k) = -k**3 + 4*k**2 + 7*k - 7. Let g be o(t). Is (-1)/(-2*g/2670) composite?
True
Suppose 0 = -6*l + 5*l + 1241. Suppose -2*h = 171 - l. Is h prime?
False
Let n(o) = 4*o**3 - o**2 + 1. Let x be n(1). Suppose -h = -x*w + 3793, 4628 = 5*w + 2*h - 97. Is w a composite number?
False
Suppose 11324 + 1927 = 3*z. Is z a composite number?
True
Let y be 4548/18*(-21)/(-2). Suppose -12795 = -8*f + y. Is f a composite number?
False
Suppose -2*g + 3725 - 1105 = -b, 5*g + 3*b = 6539. Suppose -281 = -x - 2*d + 6*d, -4*d = 5*x - g. Is x prime?
False
Suppose -5*k - 13 = -2*y, -2*k - 9 = -3. Is 36 + -32 - (-414 - y) composite?
True
Let h(v) be the second derivative of v**5/20 - v**4/12 - 3*v**3/2 + v**2 - 2*v. Let q be h(7). Suppose m = l + 3*m - q, -5*l + 5*m = -1090. Is l a prime number?
True
Suppose 18*y + 26 = 31*y. Suppose -3*i + 3*j = -906, 0 = 2*i - y*j + j - 609. Is i a prime number?
True
Is 46196/(-12)*(6 + -9) a prime number?
True
Let q = 5 - 19. Let u be q/(-3) - (-14)/(-21). Let r(w) = w**3 + w**2 + 2*w - 1. Is r(u) composite?
True
Suppose -3*q + 6 = -0, s = -2*q + 759. Suppose 3*k + 2*i - s = 0, -2*k + 3*i + 2*i = -516. Is k a composite number?
True
Let m(p) be the second derivative of p**5/20 - 5*p**4/12 + 5*p**3/6 - 5*p**2/2 - 6*p. Let d be m(4). Is 4*((-503)/(-4) + d) prime?
True
Suppose -2*x + 4 = 0, -4*n + 0*n + x + 26930 = 0. Is n composite?
False
Suppose -x - 21634 = -6*x + v, 2*v = 2. Is x a prime number?
True
Let h(k) = -15*k - 3. Suppose 10*w = 8*w + 72. Let t = 32 - w. Is h(t) prime?
False
Let s(g) = -g**3 - 12*g**2 - 7*g + 24. Let k be s(-11). Is (-3175)/k*2*2 a prime number?
False
Is ((-1 - -2) + -7)*(-391687)/258 prime?
True
Suppose 48*m - 51*m = -311739. Is m a composite number?
False
Let v(z) = z**3 - 19*z**2 + 177*z + 32. Is v(45) composite?
False
Let h be (-844)/(-6)*(9 + -6). Suppose h = 2*c - 0*c. Is c a prime number?
True
Let c = 27 - -613. Let g = -386 + c. Is g a prime number?
False
Let z = -645 + 927. Suppose -564 = -2*l - 5*i, -3*l + 2*l + z = -5*i. Let n = -47 + l. Is n a composite number?
True
Let f(p) = 223*p**3 + 2*p**2 - 2*p + 7. Is f(2) composite?
True
Let q(j) = -800*j - 5. Let z be q(-3). Suppose -4*o - o - m = -z, -5*m - 1916 = -4*o. Is o a prime number?
True
Let p be 0 + (277 - (0 - 0)) - 4. Suppose 4*b + k = 474, 5*b - 3*k = 311 + p. Is b a prime number?
False
Suppose -4*c = 8 - 16. Is (-1 - (-15078)/(-4))/((-1)/c) prime?
True
Let m(d) = -1115*d - 6. Let a be m(-6). Suppose -4*u = -2*u - a. Let c = u + -1865. Is c composite?
True
Let d be (40/4 - 2) + 1. Suppose -8*w - 16 = -d*w. Suppose -u - w = -50. Is u a composite number?
True
Is 1/(5/(-958895)*-7) a composite number?
False
Let h(v) = 5*v**2 - 8*v**2 - 2*v + 4*v**3 + 11 - 24. Is h(4) a prime number?
False
Let v(z) = -8789*z**3 + 4*z**2 + 14*z + 6. Is v(-2) a prime number?
False
Is (1733/7)/(((-5)/35)/(-1)) a composite number?
False
Suppose -6*n + 3*n - 17233 = -2*m, -3*m + 25807 = 4*n. Is m a prime number?
True
Let w = -29 - -34. Suppose w*o = 4*o + 3. Suppose 1062 = 4*p + j, -6*p + 3*p = o*j - 801. Is p a prime number?
False
Let b be (-2)/7 + 58/7. Suppose -5*t + t = -b. Suppose 0 = t*v - 2*l - 322, v + 4*v = -l + 817. Is v a prime number?
True
Suppose -3*v - 4*v + 5803 = 0. Suppose 16*h - v = 15*h. Is h a composite number?
False
Suppose 3*y - 2 = 49. Suppose -12*m - 2345 = -y*m. Is m composite?
True
Suppose 0 = -5*x + 2*k - 5*k + 7361, -5*k + 4423 = 3*x. Is x prime?
True
Is (2284/5)/(12/30) prime?
False
Suppose -12 = 2*h + h. Is (-66)/9*102/h composite?
True
Suppose -20*s = -25*s + 15. Suppose 2*q = -5*n - 64, -s*q = 2*n + 90 - 16. Is (q/(-66))/(1/951) composite?
False
Let n = 1 + -7. Let v be (215/(-10))/(1/n). Is v + 4/(-6)*3 a composite number?
False
Suppose -20*b + 64799 = -13*b. Is b a composite number?
False
Let l be 12/4 - 0 - (4 - 2). Is -1*(-4 + l) - -362 composite?
True
Suppose 760 = 2*i + 4*g, 3*g - 65 = i - 460. Suppose -2*q - 2*q + 4*u = 116, -q + 4*u = 17. Let a = i - q. Is a a composite number?
False
Suppose 9*n = 5*n - 48. Is 879/(-9)*n/4 prime?
True
Let i(l) = -31*l + 39. Let w(s) = 16*s - 20. Let g(p) = 6*i(p) + 14*w(p). Let d(u) = 25*u - 31. Let n(k) = 7*d(k) - 5*g(k). Is n(-10) a composite number?
False
Suppose -5*b + 28543 = 3*i, -1995 = -i + 3*b + 7538. Is i prime?
True
Let b(d) = -d**3 - 15*d**2 - 19*d + 48. Let c be b(-15). Suppose 81*n - c = 78*n. Is n prime?
False
Let z(d) = -d**2 - 21*d - 1. Let n(h) = 3*h - 27. Let t be n(7). Is z(t) prime?
True
Let k(f) = -3*f**3 - 6*f**2 - 24*f - 112. Is k(-11) a composite number?
True
Let j be (-1)/3*-29 + (-2)/3. Suppose -j*z + 11*z - 596 = 0. Is z a composite number?
True
Suppose -5*i = y - i - 267, 3*y - 761 = -2*i. Is y a composite number?
False
Let x(w) = 9*w**3 + 35*w**2 - w + 42. Is x(13) composite?
False
Let v(g) = g**2 - 13*g + 15. Let z be v(12). Suppose -z*c + 451 = 160. Is c prime?
True
Let t(l) = -3*l. Let i = 12 + -29. Is t(i) prime?
False
Suppose -n + 16200 = -5*c, 3*n + 6480 = -2*c + 6*n. Let f = -1317 - c. Is f a composite number?
True
Let s(v) = -v**2 + 5*v - 1. Let x be s(3). Suppose -600 + 177 = -x*h + 2*k, -4*h - 4*k + 316 = 0. Is h a prime number?
True
Let a = 7 - 4. Suppose a*i - 20 = -i. Suppose -2*l - i*p = -71, 2*p = -3*l - 0*p + 101. Is l a prime number?
False
Suppose 0 = 5*a - t + 15 + 13, -2*t + 2 = -a. Let h be (3/(-2))/(3/a). Suppose -5*d = -5*c - h*d + 789, c - 155 = -d. Is c